e prime factors of h?
5, 13, 67
List the prime factors of (-2)/(-8 + 0) - 31406/(-328).
2, 3
Let g(b) = -b**3 - 6*b**2 - 2*b - 8. Let s be g(-6). Suppose 0*y = s*y - 24. List the prime factors of 4/12 + 70/y.
2, 3
Let q = -1505 - -2766. What are the prime factors of q?
13, 97
Let u(s) = 2*s**3 + 3*s**2 + s + 2. List the prime factors of u(3).
2, 43
Suppose 0 = -3*i + 3, i = 2*g + 2*g - 59. What are the prime factors of (-4)/10 - (-636)/g?
2, 3, 7
Let u(j) = -4*j**2 - 30*j - 23. Let k(n) = -3*n**2 - 20*n - 15. Let o(l) = -7*k(l) + 5*u(l). Let m be o(11). What are the prime factors of ((-1)/(-4))/(m/44)?
11
Suppose q + k = 1498, -3*q + k = -4063 - 419. List the prime factors of q.
5, 13, 23
Let v be (128 + -4)*(-15)/(-6). Suppose 5*r - 10*r + v = 0. List the prime factors of r.
2, 31
List the prime factors of 262 - (2 + (-3)/3).
3, 29
Suppose 23*h - 28*h = -445. Suppose h = 5*n + 24. What are the prime factors of n?
13
Suppose -29*f + 52*f - 9913 = 0. What are the prime factors of f?
431
Let p be 0 + 0/2 - -3. Suppose -2*i = p*i - 10. List the prime factors of (212/6)/(i/3).
53
Let b = -43 - -73. Let d = -26 + b. Suppose 97 + 3 = d*o. What are the prime factors of o?
5
Let a(w) = -14 - 4 + 3 - 6 - 17*w. What are the prime factors of a(-6)?
3
Let q(d) = -29*d**2 - 25*d - 13. Let a(k) = -9*k**2 - 8*k - 4. Let s(v) = 19*a(v) - 6*q(v). Let i = -3 - -5. What are the prime factors of s(i)?
2, 5
Let w be (-114)/190 - (566/(-10) + -1). Suppose 0 = -i - 3*i. Suppose -5*h + h = -l + 3, 5*l + h - w = i. List the prime factors of l.
11
Let j be 9840/2 - (-3 + 2). Let q be j/95 + 8/(-10). Let i = q - 18. List the prime factors of i.
3, 11
What are the prime factors of 116/(-522) + 19012/18?
2, 3, 11
Suppose 2*z + 2084 + 3500 = 3*y, 0 = 5*y - 5*z - 9305. List the prime factors of y.
2, 7, 19
Suppose k + 4 = 2*t, -5*t + 4*k = -2*t - 6. What are the prime factors of 84 - (t + -4 - 0)?
2, 43
Let j(t) = t**2 + 5*t - 10. Let w be j(-7). Suppose -4 = -w*q + 4, 2*f - 2*q - 6 = 0. Let g = -3 + f. What are the prime factors of g?
2
Suppose -5*p - 5 = 0, 3*w - 7 - 3 = -5*p. Suppose -2*c + 4*c - g + w = 0, -4*c - 25 = 3*g. What are the prime factors of (-2)/(c*3/18)?
3
Let v(i) = -3*i**2 + 1 - 2*i + 4*i**3 + 5*i**2 + i**3. Let k be v(1). What are the prime factors of -1 - (2 - 2 - k)?
5
Let f = -20 + 30. Let i = -4 + f. Suppose 0 = z - i*z + 185. List the prime factors of z.
37
Let g(y) = -y**3 + 6*y**2 + 9*y + 4. Let d be g(7). Suppose -12 - d = 3*p. List the prime factors of (-485)/p - (-1)/(-2).
2, 3
Let o be 2/(-6) + 80/6. Let j(s) = 4*s**2 - 2*s - 18. Let v be j(-2). Suppose v*r - r = o. What are the prime factors of r?
13
Let a(t) = -8*t + 12. Let l be a(-2). Let k = l + 96. List the prime factors of k.
2, 31
Suppose -36 = 5*r + 69. Let g = r - -24. What are the prime factors of 6/4*74/g?
37
Let c(o) = -2*o**2 + o + 487. What are the prime factors of c(0)?
487
Suppose -172 = -4*u + 2*t, -u - 4*t = -43 - 9. Let a be (-8)/u - (-86)/(-11). What are the prime factors of -2 + (-164)/(a/2)?
3, 13
Let a = 477 - 189. Suppose 87 = h - 4*c, 0*h = 4*h - 4*c - a. List the prime factors of h.
67
Suppose -11 = -3*r - 2. What are the prime factors of -3*(((-188)/3 - r) + 2)?
191
Suppose 0 = 23*o - 41*o + 48510. List the prime factors of o.
5, 7, 11
Suppose -13*t + 4 = 4. Suppose t = 28*o - 29*o + 153. List the prime factors of o.
3, 17
Let n(z) = -7*z - 12. Let o(c) = 20*c + 35. Let t(q) = -8*n(q) - 3*o(q). List the prime factors of t(-15).
3, 17
Let o be (0 + 1)*-5*-1. Suppose -6*k + 2*k + 223 = o*z, -z - 5 = 0. List the prime factors of k.
2, 31
List the prime factors of ((-35)/5 + 8)*140.
2, 5, 7
Let l(g) = 2*g**2 - 6*g - 8. Let u(w) = -3*w**2 + 7*w + 9. Let o(h) = -4*l(h) - 3*u(h). Let q = -12 - -8. What are the prime factors of o(q)?
3
Let q(u) = u**3 + 8*u**2 - u - 4. Let x be q(-4). Let n = -21 + x. List the prime factors of n.
43
Let t(a) = -2*a**2 + a + 513. Let f be t(0). Let g = f - 269. List the prime factors of g.
2, 61
Let o(z) be the second derivative of 5*z**3/6 + 2*z**2 + 14*z. What are the prime factors of o(4)?
2, 3
Let o = 161 - 164. Let u(r) be the first derivative of 2*r**3 + 5*r**2/2 + 7*r - 1. List the prime factors of u(o).
2, 23
Suppose 0 = 10*a - 12*a - 8, -2272 = -4*y - 5*a. What are the prime factors of y?
3, 191
Let n = -411 - -749. What are the prime factors of n?
2, 13
Let y(n) = n - 5. Let m be y(-7). Let h be m/(-9)*9/6. Suppose -25 - 25 = -h*b. List the prime factors of b.
5
Suppose 108 = 3*s + 3*s. Suppose 626 = 5*k + 2*a, -k + s = 3*a - 115. List the prime factors of k.
2, 31
Let g be (36/8 + -4)*8. Suppose -g*f = 5*w - 15, 0*w + w = -4*f - 13. What are the prime factors of w?
7
Let z = -2131 - -3023. List the prime factors of z.
2, 223
Let t = -741 + 1741. What are the prime factors of t/32 - (-2)/(-8)?
31
Suppose -4*v + 0*w = 2*w - 44, -4*v - 3*w = -44. Suppose 0 = 2*n - 3*x + v - 140, -2*n = -2*x - 134. List the prime factors of n.
2, 3
Let f(a) = 4*a**2 - a. Let l be f(-1). Suppose -2*n = l*w - 326 - 102, w - 88 = -n. What are the prime factors of w?
2, 3, 7
Let f(u) = -u**3 - 7*u**2 - 20*u - 13. List the prime factors of f(-10).
487
Suppose -w - 11 = -3*y + w, -w = 3*y + 1. Let a be 1 - 4 - y*-3. Suppose 3*j - 3*n - n + 11 = 0, a = -4*j - 3*n + 27. What are the prime factors of j?
3
Let c = 4353 - 3059. List the prime factors of c.
2, 647
Suppose 9*l + 1851 = 5298. What are the prime factors of l?
383
Let u(x) = -x**3 + 11*x**2 + x + 6. Let i be u(11). Let v = i + 12. List the prime factors of v.
29
Let o = -688 - -1069. List the prime factors of 2/(-10) - o/(-5).
2, 19
Suppose 2*b - 12*b = -30. Suppose 4*k + 3*d - 136 = 0, -3 = -b*d - 15. List the prime factors of k.
37
Let f be -4 - 0 - (-3)/1. Let l be 3 - (f*98)/1. Let w = -70 + l. List the prime factors of w.
31
Let z be 4 + (-7 + -1)/4. Suppose -2*f + 99 = -4*j - 17, z*f = -3*j + 116. Let h = 88 - f. What are the prime factors of h?
2, 3, 5
Let x(f) = -293*f**2 + 33*f + 53. Let v(h) = 73*h**2 - 8*h - 13. Let q(w) = 9*v(w) + 2*x(w). What are the prime factors of q(-2)?
3, 5, 19
Let q = 12843 + -9017. List the prime factors of q.
2, 1913
Suppose -f = 2*f + f. Suppose -3*p + 3*j + 569 = p, -5*p + 3*j + 709 = f. What are the prime factors of p?
2, 5, 7
Suppose 31*i = 68*i - 150257. List the prime factors of i.
31, 131
Suppose -5*k + 20 = w, k + 4*k - 20 = w. Let r(l) = -l - 7. Let q(o) = 2. Let g(p) = 5*q(p) + r(p). List the prime factors of g(w).
3
Let r be 3 - 4*1/2. Let j(y) = 4*y**3 + 2*y**2 - y. Let t be j(r). Suppose -3*i + 142 = -t*k, 3*k = -i - 3*i + 199. What are the prime factors of i?
7
Suppose 17*q + 9208 = 27619. What are the prime factors of q?
3, 19
Let n be (5/3)/(55/66). Suppose n*r = 3 + 5. Suppose -3*f + 4*a = -29, 0*f = r*f + 2*a - 2. List the prime factors of f.
3
Suppose -1 = x - 3. Suppose -4*m - 168 = -x*u, -387 = -5*u + 4*m - 5*m. List the prime factors of u.
2, 3, 13
Suppose -3*c + 4*c - 17 = 5*a, 3*c - 4*a = 7. What are the prime factors of c*1 + (25 - -1 - 5)?
2, 3
Let s(w) = -w**3 + 10*w**2 - 11*w + 1. Let q(o) = -6*o - 4. Let y(z) = z**2 + 2*z - 2. Let m be y(-2). Let u be q(m). List the prime factors of s(u).
41
Let p(b) = -b**2 + b + 7. Let n be p(3). Let d = n - -6. What are the prime factors of d?
7
Let d be ((-3)/2)/((-2)/(-4)). Let w be (-104)/(-39)*d/(-2). Suppose w*r = -3*u + 19, -4*r = 4*u - 7*r - 17. What are the prime factors of u?
5
Let t(l) = 1. Let d(z) = -43*z + 5. Let c(u) = -d(u) + 2*t(u). List the prime factors of c(4).
13
Let p(s) = 3*s**2 - 16*s + 3. List the prime factors of p(15).
2, 3, 73
Suppose 0 = 6*b - 1416 + 552. Suppose -2*j + 12 + b = 0. What are the prime factors of j?
2, 3, 13
Suppose 3*i - 462 = -4*i. Suppose 16*k = 18*k - i. What are the prime factors of k?
3, 11
Let a(l) = l**3 - 4*l**2 - 4*l + 16. What are the prime factors of a(9)?
5, 7, 11
Suppose 4*q = -3*a + 35, -2*q - 2*a + 5 = -3*a. Suppose d = -q*t + 1252, t = -d + 58 + 194. List the prime factors of t.
2, 5
Let q be (-2 - -3)/(-3) + (-30)/(-9). Suppose q*t = 8*t - 1055. List the prime factors of t.
211
Suppose 2*n = -16 + 72. Suppose -3*l - p + 27 = 0, 4*p + 0*p - n = -2*l. List the prime factors of 575/20 - (-2)/l.
29
Suppose 15 = -102*c + 107*c. Suppose 0 